{"id":301,"date":"2019-07-18T14:07:50","date_gmt":"2019-07-18T14:07:50","guid":{"rendered":"https:\/\/nille.qodeinteractive.com\/?page_id=301"},"modified":"2023-03-21T08:37:13","modified_gmt":"2023-03-21T07:37:13","slug":"clothing-home","status":"publish","type":"page","link":"https:\/\/justemporio.com\/","title":{"rendered":"Clothing Home"},"content":{"rendered":"<p>[vc_row][vc_column]\n\t\t\t<!-- START clothinghome REVOLUTION SLIDER 6.4.11 --><p class=\"rs-p-wp-fix\"><\/p>\n\t\t\t<rs-module-wrap id=\"rev_slider_13_1_wrapper\" data-source=\"gallery\" style=\"background:transparent;padding:0;background-image:url(https:\/\/justemporio.com\/wp-content\/uploads\/2023\/03\/Mon-film-9-SD-480-p-mov-image.jpg);background-repeat:no-repeat;background-size:cover;background-position:center center;\">\n\t\t\t\t<rs-module id=\"rev_slider_13_1\" style=\"\" data-version=\"6.4.11\">\n\t\t\t\t\t<rs-slides>\n\t\t\t\t\t\t<rs-slide data-key=\"rs-24\" data-title=\"Slide\" data-in=\"o:0;\" data-out=\"a:false;\">\n\t\t\t\t\t\t\t<img loading=\"lazy\" decoding=\"async\" src=\"\/\/justemporio.com\/wp-content\/uploads\/revslider\/video-media\/Mon-film-9-SD-480-p_24.jpeg\" title=\"Mon-film-9-SD-480-p_24.jpeg\" width=\"640\" height=\"360\" class=\"rev-slidebg tp-rs-img\" data-parallax=\"5\" data-no-retina>\n\t\t\t\t\t\t\t<rs-bgvideo \n\t\t\t\t\t\t\t\tdata-video=\"vc:none;w:100%;h:100%;nse:false;l:true;ptimer:true;do:2;doca:rgba(0, 0, 0, 0.39);\"\n\t\t\t\t\t\t\t\tdata-ytid=\"2Y9-B9pm41A\"\n\t\t\t\t\t\t\t\tdata-vatr=\"version=3&amp;enablejsapi=1&amp;html5=1&amp;hd=1&amp;wmode=opaque&amp;showinfo=0&amp;rel=0&amp;origin=https:\/\/justemporio.com;\"\n\t\t\t\t\t\t\t><\/rs-bgvideo>\n<!--\n\t\t\t\t\t\t\t--><rs-layer\n\t\t\t\t\t\t\t\tid=\"slider-13-slide-24-layer-0\" \n\t\t\t\t\t\t\t\tdata-type=\"text\"\n\t\t\t\t\t\t\t\tdata-xy=\"x:c;xo:-6px,-6px,-6px,0;y:b;yo:563px,563px,563px,404px;\"\n\t\t\t\t\t\t\t\tdata-text=\"w:normal;s:45,45,45,40;l:45;fw:300,300,300,600;a:center;\"\n\t\t\t\t\t\t\t\tdata-basealign=\"slide\"\n\t\t\t\t\t\t\t\tdata-rsp_o=\"off\"\n\t\t\t\t\t\t\t\tdata-rsp_bd=\"off\"\n\t\t\t\t\t\t\t\tdata-frame_0=\"y:50;\"\n\t\t\t\t\t\t\t\tdata-frame_1=\"e:circ.inOut;st:100;sp:900;sR:100;\"\n\t\t\t\t\t\t\t\tdata-frame_999=\"y:-50;o:0;st:w;sp:1000;sR:4000;\"\n\t\t\t\t\t\t\t\tstyle=\"z-index:9;font-family:Muli;text-transform:uppercase;\"\n\t\t\t\t\t\t\t>nouvelle <BR>collection \n\t\t\t\t\t\t\t<\/rs-layer><!--\n\n\t\t\t\t\t\t\t--><rs-layer\n\t\t\t\t\t\t\t\tid=\"slider-13-slide-24-layer-1\" \n\t\t\t\t\t\t\t\tdata-type=\"text\"\n\t\t\t\t\t\t\t\tdata-xy=\"x:c;xo:-2px,-2px,-2px,1px;y:b;yo:154px,154px,154px,206px;\"\n\t\t\t\t\t\t\t\tdata-text=\"w:normal;s:25,25,25,15;l:20,20,20,10;fw:300,300,300,600;a:center;\"\n\t\t\t\t\t\t\t\tdata-basealign=\"slide\"\n\t\t\t\t\t\t\t\tdata-rsp_o=\"off\"\n\t\t\t\t\t\t\t\tdata-rsp_bd=\"off\"\n\t\t\t\t\t\t\t\tdata-frame_0=\"y:50;\"\n\t\t\t\t\t\t\t\tdata-frame_1=\"e:circ.inOut;st:100;sp:900;sR:100;\"\n\t\t\t\t\t\t\t\tdata-frame_999=\"y:-50;o:0;st:w;sp:1000;sR:4000;\"\n\t\t\t\t\t\t\t\tstyle=\"z-index:8;font-family:Muli;text-transform:uppercase;\"\n\t\t\t\t\t\t\t>Pr\u00eat-\u00e0-porter Homme<br><br \/>\nPr\u00eat-\u00e0-porter Femme<br><br \/>\nPr\u00eat-\u00e0-porter Enfants<br><br \/>\nBijoux - Montres<br><br \/>\nMaroquinerie<br><br \/>\nChaussures<br><br \/>\nUnderwear<br><br \/>\nLunettes<br><br \/>\nLinge de maison \n\t\t\t\t\t\t\t<\/rs-layer><!--\n-->\t\t\t\t\t\t<\/rs-slide>\n\t\t\t\t\t<\/rs-slides>\n\t\t\t\t<\/rs-module>\n\t\t\t\t<script type=\"text\/javascript\">\n\t\t\t\t\tsetREVStartSize({c: 'rev_slider_13_1',rl:[1240,1240,1240,480],el:[840,840,840,700],gw:[1100,1100,1100,680],gh:[840,840,840,700],type:'standard',justify:'',layout:'fullscreen',offsetContainer:'',offset:'',mh:\"0\"});\n\t\t\t\t\tvar\trevapi13,\n\t\t\t\t\t\ttpj;\n\t\t\t\t\tfunction revinit_revslider131() {\n\t\t\t\t\tjQuery(function() {\n\t\t\t\t\t\ttpj = jQuery;\n\t\t\t\t\t\trevapi13 = tpj(\"#rev_slider_13_1\");\n\t\t\t\t\t\tif(revapi13==undefined || revapi13.revolution == undefined){\n\t\t\t\t\t\t\trevslider_showDoubleJqueryError(\"rev_slider_13_1\");\n\t\t\t\t\t\t}else{\n\t\t\t\t\t\t\trevapi13.revolution({\n\t\t\t\t\t\t\t\tDPR:\"dpr\",\n\t\t\t\t\t\t\t\tsliderLayout:\"fullscreen\",\n\t\t\t\t\t\t\t\tduration:\"5000ms\",\n\t\t\t\t\t\t\t\tvisibilityLevels:\"1240,1240,1240,480\",\n\t\t\t\t\t\t\t\tgridwidth:\"1100,1100,1100,680\",\n\t\t\t\t\t\t\t\tgridheight:\"840,840,840,700\",\n\t\t\t\t\t\t\t\tperspective:600,\n\t\t\t\t\t\t\t\tperspectiveType:\"local\",\n\t\t\t\t\t\t\t\teditorheight:\"840,580,900,700\",\n\t\t\t\t\t\t\t\tresponsiveLevels:\"1240,1240,1240,480\",\n\t\t\t\t\t\t\t\tstartWithSlide:1,\n\t\t\t\t\t\t\t\tprogressBar:{disableProgressBar:true},\n\t\t\t\t\t\t\t\tnavigation: {\n\t\t\t\t\t\t\t\t\tonHoverStop:false\n\t\t\t\t\t\t\t\t},\n\t\t\t\t\t\t\t\tparallax: {\n\t\t\t\t\t\t\t\t\tlevels:[5,10,15,20,25,30,35,40,45,46,47,48,49,50,51,30],\n\t\t\t\t\t\t\t\t\ttype:\"scroll\",\n\t\t\t\t\t\t\t\t\torigo:\"slideCenter\",\n\t\t\t\t\t\t\t\t\tspeed:0\n\t\t\t\t\t\t\t\t},\n\t\t\t\t\t\t\t\tfallbacks: {\n\t\t\t\t\t\t\t\t\tallowHTML5AutoPlayOnAndroid:true\n\t\t\t\t\t\t\t\t},\n\t\t\t\t\t\t\t});\n\t\t\t\t\t\t}\n\t\t\t\t\t\t\n\t\t\t\t\t});\n\t\t\t\t\t} \/\/ End of RevInitScript\n\t\t\t\tvar once_revslider131 = false;\n\t\t\t\tif (document.readyState === \"loading\") {document.addEventListener('readystatechange',function() { if((document.readyState === \"interactive\" || document.readyState === \"complete\") && !once_revslider131 ) { once_revslider131 = true; revinit_revslider131();}});} else {once_revslider131 = true; revinit_revslider131();}\n\t\t\t\t<\/script>\n\t\t\t<\/rs-module-wrap>\n\t\t\t<!-- END REVOLUTION SLIDER -->\n[\/vc_column][\/vc_row][vc_row css=\u00a0\u00bb.vc_custom_1679327096543{background-color: #0a0a0a !important;background-position: center !important;background-repeat: no-repeat !important;background-size: cover !important;}\u00a0\u00bb][vc_column][vc_column_text][\/vc_column_text][\/vc_column][\/vc_row][vc_row css=\u00a0\u00bb.vc_custom_1568102229406{padding-top: 140px !important;padding-right: 7% !important;padding-bottom: 70px !important;padding-left: 7% !important;}\u00a0\u00bb][vc_column offset=\u00a0\u00bbvc_col-lg-4 vc_col-md-6&Prime;]<div class=\"qodef-image-with-text-holder   qodef-image-behavior-custom-link \">\n    <div class=\"qodef-iwt-image\">\n                \t            <a itemprop=\"url\" href=\"https:\/\/justemporio.com\/index.php\/portfolio\/mode-homme\/\" target=\"_self\">\n                                    <img loading=\"lazy\" decoding=\"async\" width=\"800\" height=\"1070\" src=\"https:\/\/justemporio.com\/wp-content\/uploads\/2023\/03\/home-3-img-1.jpg\" class=\"main-image\" alt=\"\" srcset=\"https:\/\/justemporio.com\/wp-content\/uploads\/2023\/03\/home-3-img-1.jpg 800w, https:\/\/justemporio.com\/wp-content\/uploads\/2023\/03\/home-3-img-1-224x300.jpg 224w, https:\/\/justemporio.com\/wp-content\/uploads\/2023\/03\/home-3-img-1-766x1024.jpg 766w, https:\/\/justemporio.com\/wp-content\/uploads\/2023\/03\/home-3-img-1-768x1027.jpg 768w\" sizes=\"auto, (max-width: 800px) 100vw, 800px\" \/>                                <\/a>\n                    <\/div>\n    <div class=\"qodef-iwt-text-holder\">\n                    <h4 class=\"qodef-iwt-title\" >MODE HOMME<\/h4>\n        \t\t                    <a class=\"qodef-iwt-button qodef-btn qodef-btn-simple\" href=\"\" >D\u00e9couvrir<\/a>\n            <\/div>\n<\/div>[vc_empty_space height=\u00a0\u00bb70px\u00a0\u00bb][\/vc_column][vc_column offset=\u00a0\u00bbvc_col-lg-4 vc_col-md-6&Prime;]<div class=\"qodef-image-with-text-holder   qodef-image-behavior-custom-link \">\n    <div class=\"qodef-iwt-image\">\n                \t            <a itemprop=\"url\" href=\"https:\/\/justemporio.com\/index.php\/portfolio\/mode-femme\/\" target=\"_self\">\n                                    <img loading=\"lazy\" decoding=\"async\" width=\"800\" height=\"1070\" src=\"https:\/\/justemporio.com\/wp-content\/uploads\/2023\/03\/home-3-img-1-1.jpg\" class=\"main-image\" alt=\"\" srcset=\"https:\/\/justemporio.com\/wp-content\/uploads\/2023\/03\/home-3-img-1-1.jpg 800w, https:\/\/justemporio.com\/wp-content\/uploads\/2023\/03\/home-3-img-1-1-224x300.jpg 224w, https:\/\/justemporio.com\/wp-content\/uploads\/2023\/03\/home-3-img-1-1-766x1024.jpg 766w, https:\/\/justemporio.com\/wp-content\/uploads\/2023\/03\/home-3-img-1-1-768x1027.jpg 768w\" sizes=\"auto, (max-width: 800px) 100vw, 800px\" \/>                                <\/a>\n                    <\/div>\n    <div class=\"qodef-iwt-text-holder\">\n                    <h4 class=\"qodef-iwt-title\" >MODE FEMME<\/h4>\n        \t\t                    <a class=\"qodef-iwt-button qodef-btn qodef-btn-simple\" href=\"\" >d\u00e9couvrir<\/a>\n            <\/div>\n<\/div>[vc_empty_space height=\u00a0\u00bb70px\u00a0\u00bb][\/vc_column][vc_column offset=\u00a0\u00bbvc_col-lg-4 vc_col-md-6&Prime;]<div class=\"qodef-image-with-text-holder   qodef-image-behavior-custom-link \">\n    <div class=\"qodef-iwt-image\">\n                \t            <a itemprop=\"url\" href=\"https:\/\/justemporio.com\/index.php\/portfolio\/haute-couture\/\" target=\"_self\">\n                                    <img loading=\"lazy\" decoding=\"async\" width=\"800\" height=\"1070\" src=\"https:\/\/justemporio.com\/wp-content\/uploads\/2023\/03\/home-3-img-1-2.jpg\" class=\"main-image\" alt=\"\" srcset=\"https:\/\/justemporio.com\/wp-content\/uploads\/2023\/03\/home-3-img-1-2.jpg 800w, https:\/\/justemporio.com\/wp-content\/uploads\/2023\/03\/home-3-img-1-2-224x300.jpg 224w, https:\/\/justemporio.com\/wp-content\/uploads\/2023\/03\/home-3-img-1-2-766x1024.jpg 766w, https:\/\/justemporio.com\/wp-content\/uploads\/2023\/03\/home-3-img-1-2-768x1027.jpg 768w\" sizes=\"auto, (max-width: 800px) 100vw, 800px\" \/>                                <\/a>\n                    <\/div>\n    <div class=\"qodef-iwt-text-holder\">\n                    <h4 class=\"qodef-iwt-title\" >HAUTE COUTURE<\/h4>\n        \t\t                    <a class=\"qodef-iwt-button qodef-btn qodef-btn-simple\" href=\"\" >D\u00e9couvrir<\/a>\n            <\/div>\n<\/div>[vc_empty_space height=\u00a0\u00bb70px\u00a0\u00bb][\/vc_column][\/vc_row][vc_row disable_background_image=\u00a0\u00bb\u00a0\u00bb simple_background_image=\u00a0\u00bb342&Prime;][vc_column offset=\u00a0\u00bbvc_col-lg-6 vc_col-md-12&Prime; css=\u00a0\u00bb.vc_custom_1564565521238{padding-right: 0px !important;padding-left: 0px !important;}\u00a0\u00bb]<div class=\"qodef-elements-holder   qodef-two-columns  qodef-responsive-mode-1024 \" style=\"background-color: #0a0000\"><div class=\"qodef-eh-item    \"  data-item-class=\"qodef-eh-custom-9556\">\n\t<div class=\"qodef-eh-item-inner\">\n\t\t<div class=\"qodef-eh-item-content qodef-eh-custom-9556\" >\n\t\t\t\t\t<\/div>\n\t<\/div>\n<\/div><div class=\"qodef-eh-item    \"  data-item-class=\"qodef-eh-custom-4795\" data-1400-1600=\"25px 0 50px 0\" data-1025-1399=\"25px 0 50px 0\" data-769-1024=\"0 0 0 40%\" data-681-768=\"0 0 0 38%\" data-680=\"0 0 0 25%\">\n\t<div class=\"qodef-eh-item-inner\">\n\t\t<div class=\"qodef-eh-item-content qodef-eh-custom-4795\" style=\"padding: 25px 0 50px 24%\">\n\t\t\t[vc_column_text]<\/p>\n<h4><a href=\"https:\/\/justemporio.com\/index.php\/portfolio\/haute-couture\/\"><span style=\"color: #ffffff;\"> SUMMER COLLECTION<\/span><\/a><\/h4>\n<p>[\/vc_column_text]\t\t<\/div>\n\t<\/div>\n<\/div><div class=\"qodef-eh-item    \" style=\"background-color: #0a0a0a\" data-item-class=\"qodef-eh-custom-1008\" data-1400-1600=\"42px 0 50px 37%\" data-1025-1399=\"38px 0 50px 40%\" data-769-1024=\"15px 0 55px 46.4%\" data-681-768=\"15px 0 55px 45.5%\" data-680=\"15px 0 55px 40%\">\n\t<div class=\"qodef-eh-item-inner\">\n\t\t<div class=\"qodef-eh-item-content qodef-eh-custom-1008\" style=\"padding: 39px 0 50px 46%\">\n\t\t\t\t\t<\/div>\n\t<\/div>\n<\/div><\/div>[\/vc_column][vc_column offset=\u00a0\u00bbvc_col-lg-6 vc_col-md-12&Prime; css=\u00a0\u00bb.vc_custom_1564565529747{padding-right: 0px !important;padding-left: 0px !important;}\u00a0\u00bb]<div class=\"qodef-elements-holder   qodef-two-columns  qodef-responsive-mode-1024 \" ><div class=\"qodef-eh-item    \"  data-item-class=\"qodef-eh-custom-9438\" data-1400-1600=\"25px 0 50px 21%\" data-1025-1399=\"25px 0 50px 18%\" data-769-1024=\"25px 0 0 38.3%\" data-681-768=\"25px 0 0 35.5%\" data-680=\"25px 0 0 18.5%\">\n\t<div class=\"qodef-eh-item-inner\">\n\t\t<div class=\"qodef-eh-item-content qodef-eh-custom-9438\" style=\"padding: 25px 0 50px 20%\">\n\t\t\t[vc_column_text]<\/p>\n<h4><a href=\"https:\/\/justemporio.com\/index.php\/portfolio\/haute-couture\/\"><span style=\"color: #ffffff;\"> COLLECTION 2023 <\/span><\/a><\/h4>\n<p>[\/vc_column_text]\t\t<\/div>\n\t<\/div>\n<\/div><div class=\"qodef-eh-item    \"  data-item-class=\"qodef-eh-custom-7657\" data-1400-1600=\"42px 0 50px 23%\" data-1025-1399=\"38px 0 50px 22%\" data-769-1024=\"15px 0 55px 46.4%\" data-681-768=\"15px 0 56px 45.5%\" data-680=\"15px 0 55px 40%\">\n\t<div class=\"qodef-eh-item-inner\">\n\t\t<div class=\"qodef-eh-item-content qodef-eh-custom-7657\" style=\"padding: 39px 0 50px 0\">\n\t\t\t\t\t<\/div>\n\t<\/div>\n<\/div><\/div>[\/vc_column][\/vc_row][vc_row row_content_width=\u00a0\u00bbgrid\u00a0\u00bb content_text_aligment=\u00a0\u00bbcenter\u00a0\u00bb css=\u00a0\u00bb.vc_custom_1565358682778{padding-top: 140px !important;padding-bottom: 135px !important;}\u00a0\u00bb][vc_column]<div class=\"qodef-elements-holder   qodef-two-columns  qodef-responsive-mode-768 \" ><div class=\"qodef-eh-item    \" style=\"background-image: url(https:\/\/justemporio.com\/wp-content\/uploads\/2023\/03\/home-3-img-4.jpg)\" data-item-class=\"qodef-eh-custom-2941\" data-681-768=\"43% 0\" data-680=\"70% 0\">\n\t<div class=\"qodef-eh-item-inner\">\n\t\t<div class=\"qodef-eh-item-content qodef-eh-custom-2941\" >\n\t\t\t\t\t<\/div>\n\t<\/div>\n<\/div><div class=\"qodef-eh-item   qodef-horizontal-alignment-center \" style=\"background-color: #c5af93\" data-item-class=\"qodef-eh-custom-2141\" data-1400-1600=\"35% 0\" data-1025-1399=\"35% 0\" data-681-768=\"26% 0\" data-680=\"26% 12%\">\n\t<div class=\"qodef-eh-item-inner\">\n\t\t<div class=\"qodef-eh-item-content qodef-eh-custom-2141\" style=\"padding: 46% 0\">\n\t\t\t<h2 class=\"qodef-custom-font-holder  qodef-cf-6791  \" style=\"font-family: Muli;font-size: 30px;text-transform: uppercase;text-align: center;color: #ffffff;margin: 12px 0\" data-item-class=\"qodef-cf-6791\">\n\tLa maison Just Emporio<\/h2>[vc_column_text]<span style=\"color: #ffffff;\">Just Emporio est une marque haut de gamme, cr\u00e9er en 2019.<\/span><br \/>\n<span style=\"color: #ffffff;\">La cr\u00e9ation de cette entreprise est le fruit d&rsquo;une amiti\u00e9 entre deux cousins :<\/span><br \/>\n<span style=\"color: #ffffff;\">Fr\u00e9d\u00e9ric Da Prato &amp; J\u00e9r\u00e9mie Benamou. Les deux associ\u00e9s Just Emporio cultivent<\/span><br \/>\n<span style=\"color: #ffffff;\">une vision de la mode propre \u00e0 leur image.<\/span><br \/>\n<span style=\"color: #ffffff;\">H\u00e9ritiers d&rsquo;une tradition de plusieurs g\u00e9n\u00e9rations, riches de leurs voyages et<\/span><br \/>\n<span style=\"color: #ffffff;\">de leurs rencontres \u00e0 travers le monde, ils saisissent l&rsquo;esprit des lieux et<\/span><br \/>\n<span style=\"color: #ffffff;\">s&rsquo;en inspirent pour chacune de leur collection distribu\u00e9s en France et en Europe.<\/span>[\/vc_column_text][vc_empty_space height=\u00a0\u00bb44px\u00a0\u00bb]<a itemprop=\"url\" href=\"https:\/\/justemporio.com\/index.php\/la-maison\/\" target=\"_self\" style=\"color: #ffffff;border-color: #ffffff\" class=\"qodef-btn qodef-btn-medium qodef-btn-outline qodef-btn-custom-hover-color\" data-hover-color=\"#000000\" >\n    <span class=\"qodef-btn-text\">La maison<\/span>\n    <\/a>\t\t<\/div>\n\t<\/div>\n<\/div><\/div>[\/vc_column][\/vc_row][vc_row row_content_width=\u00a0\u00bbgrid\u00a0\u00bb content_text_aligment=\u00a0\u00bbcenter\u00a0\u00bb css=\u00a0\u00bb.vc_custom_1565358676544{padding-bottom: 50px !important;}\u00a0\u00bb][vc_column]<div class=\"qodef-section-title-holder  \" >\n\t<div class=\"qodef-st-inner\">\n\t\t\t\t\t<h1 class=\"qodef-st-title\" >\n\t\t\t\tUne marque de qualite italienne\t\t\t<\/h1>\n\t\t\t\t\t\t\t<\/div>\n<\/div>[\/vc_column][\/vc_row][vc_row content_text_aligment=\u00a0\u00bbcenter\u00a0\u00bb css=\u00a0\u00bb.vc_custom_1565358704412{padding-right: 7% !important;padding-bottom: 133px !important;padding-left: 7% !important;}\u00a0\u00bb][vc_column][vc_column_text]Coton de tr\u00e8s haute qualit\u00e9. Notre tissu est 100% coton<br \/>\nS\/Z 180 m2 (cette technique \u00e9vite la d\u00e9formation du coton au lavage).<\/p>\n<p>Notre premi\u00e8re \u00e9tape pour l\u2019\u00e9laboration de notre tissu est dans le choix du fil.<br \/>\nNous choisissons nos cotons en fonction de la longueur des fibres qu\u2019ils contiennent.<br \/>\nEnsuite nous avons opt\u00e9 pour une double torsion, S\/Z, qui permet au tissu de rester toujours stable.<br \/>\nIl est teint avec les meilleurs colorants r\u00e9actifs du march\u00e9 pour assurer une r\u00e9sistance maximale au lavage,<br \/>\n\u00e0 l\u2019usure et \u00e0 l\u2019abrasion.[\/vc_column_text][\/vc_column][\/vc_row][vc_row content_text_aligment=\u00a0\u00bbcenter\u00a0\u00bb css=\u00a0\u00bb.vc_custom_1563282174907{padding-top: 30px !important;padding-bottom: 30px !important;}\u00a0\u00bb simple_background_color=\u00a0\u00bb#c5af93&Prime;][vc_column][vc_column_text][\/vc_column_text][\/vc_column][\/vc_row]<\/p>\n","protected":false},"excerpt":{"rendered":"<p>[vc_row][vc_column][\/vc_column][\/vc_row][vc_row css=\u00a0\u00bb.vc_custom_1679327096543{background-color: #0a0a0a !important;background-position: center !important;background-repeat: no-repeat !important;background-size: cover !important;}\u00a0\u00bb][vc_column][vc_column_text][\/vc_column_text][\/vc_column][\/vc_row][vc_row css=\u00a0\u00bb.vc_custom_1568102229406{padding-top: 140px !important;padding-right: 7% !important;padding-bottom: 70px !important;padding-left: 7% !important;}\u00a0\u00bb][vc_column offset=\u00a0\u00bbvc_col-lg-4 vc_col-md-6&Prime;][vc_empty_space height=\u00a0\u00bb70px\u00a0\u00bb][\/vc_column][vc_column offset=\u00a0\u00bbvc_col-lg-4 vc_col-md-6&Prime;][vc_empty_space height=\u00a0\u00bb70px\u00a0\u00bb][\/vc_column][vc_column offset=\u00a0\u00bbvc_col-lg-4 vc_col-md-6&Prime;][vc_empty_space height=\u00a0\u00bb70px\u00a0\u00bb][\/vc_column][\/vc_row][vc_row disable_background_image=\u00a0\u00bb\u00a0\u00bb simple_background_image=\u00a0\u00bb342&Prime;][vc_column offset=\u00a0\u00bbvc_col-lg-6 vc_col-md-12&Prime; css=\u00a0\u00bb.vc_custom_1564565521238{padding-right: 0px !important;padding-left: 0px !important;}\u00a0\u00bb][\/vc_column][vc_column offset=\u00a0\u00bbvc_col-lg-6 vc_col-md-12&Prime; css=\u00a0\u00bb.vc_custom_1564565529747{padding-right: 0px !important;padding-left: 0px !important;}\u00a0\u00bb][\/vc_column][\/vc_row][vc_row row_content_width=\u00a0\u00bbgrid\u00a0\u00bb content_text_aligment=\u00a0\u00bbcenter\u00a0\u00bb css=\u00a0\u00bb.vc_custom_1565358682778{padding-top: 140px !important;padding-bottom: 135px !important;}\u00a0\u00bb][vc_column][\/vc_column][\/vc_row][vc_row row_content_width=\u00a0\u00bbgrid\u00a0\u00bb content_text_aligment=\u00a0\u00bbcenter\u00a0\u00bb css=\u00a0\u00bb.vc_custom_1565358676544{padding-bottom: 50px !important;}\u00a0\u00bb][vc_column][\/vc_column][\/vc_row][vc_row content_text_aligment=\u00a0\u00bbcenter\u00a0\u00bb css=\u00a0\u00bb.vc_custom_1565358704412{padding-right: 7% !important;padding-bottom: 133px !important;padding-left: 7% !important;}\u00a0\u00bb][vc_column][vc_column_text]Coton de tr\u00e8s haute qualit\u00e9. Notre tissu est 100% coton S\/Z 180 m2 (cette technique \u00e9vite la d\u00e9formation du coton au lavage). Notre premi\u00e8re \u00e9tape pour l\u2019\u00e9laboration de notre tissu est dans le choix du fil. Nous [&hellip;]<\/p>\n","protected":false},"author":1,"featured_media":0,"parent":0,"menu_order":0,"comment_status":"closed","ping_status":"closed","template":"full-width.php","meta":{"footnotes":""},"class_list":["post-301","page","type-page","status-publish","hentry"],"_links":{"self":[{"href":"https:\/\/justemporio.com\/index.php\/wp-json\/wp\/v2\/pages\/301","targetHints":{"allow":["GET"]}}],"collection":[{"href":"https:\/\/justemporio.com\/index.php\/wp-json\/wp\/v2\/pages"}],"about":[{"href":"https:\/\/justemporio.com\/index.php\/wp-json\/wp\/v2\/types\/page"}],"author":[{"embeddable":true,"href":"https:\/\/justemporio.com\/index.php\/wp-json\/wp\/v2\/users\/1"}],"replies":[{"embeddable":true,"href":"https:\/\/justemporio.com\/index.php\/wp-json\/wp\/v2\/comments?post=301"}],"version-history":[{"count":47,"href":"https:\/\/justemporio.com\/index.php\/wp-json\/wp\/v2\/pages\/301\/revisions"}],"predecessor-version":[{"id":4024,"href":"https:\/\/justemporio.com\/index.php\/wp-json\/wp\/v2\/pages\/301\/revisions\/4024"}],"wp:attachment":[{"href":"https:\/\/justemporio.com\/index.php\/wp-json\/wp\/v2\/media?parent=301"}],"curies":[{"name":"wp","href":"https:\/\/api.w.org\/{rel}","templated":true}]}}